tens digit of ((-14)/6)/(15/(-1530))?
3
What is the units digit of (-17)/(-2) - 9/6?
7
Let a(p) = p**3 + 2*p**2 - 3*p. Let r be a(-3). Suppose r*w - 20 = 5*w. Let k = 15 + w. What is the units digit of k?
1
Suppose 0 = h + 2 - 11. Let r be (h/6)/(3/(-4)). Let k = 4 + r. What is the units digit of k?
2
Suppose 3*n + 26 = -61. Let q(g) = g**2 - 8*g - 3. Let u be q(6). Let o = u - n. What is the units digit of o?
4
Let p be (-4)/(-18)*-3*-6. Let s be (6/18)/(2/30). Let f = s - p. What is the units digit of f?
1
Suppose -4*z + 15 = 3*y, -y = 3*y + 3*z - 20. Suppose 0 = -o + 4*o + y*t - 23, o - 2*t = 15. What is the units digit of o?
1
Let q(k) = 13*k - 1. Let w be q(1). Let b = w - 6. What is the units digit of b?
6
Suppose 79 - 243 = -2*d. What is the tens digit of d?
8
Let n = -4 + 2. Let i = n + 5. What is the units digit of i?
3
Suppose 57 = 6*c - 3*c. Let b = c - -7. What is the units digit of b?
6
Let x(f) = 5*f**2 + f + 2. What is the units digit of x(-2)?
0
What is the units digit of (444/(-30))/((-2)/10)?
4
Let i = 24 - 27. Let j(q) = -19*q - 3. What is the tens digit of j(i)?
5
Let u be 44/14 + (-6)/42. Let v = -4 - -6. Let o = v + u. What is the units digit of o?
5
Let o(d) = -d + 9. Let y be o(7). Let z(q) = 6*q**2 - q - 1. Let x be z(y). Let g = x + -13. What is the units digit of g?
8
Suppose -2*y + 29 = -y. What is the tens digit of y?
2
What is the tens digit of (52/(-3))/(14/(-21))?
2
Let t(i) = i. Let n be t(5). Suppose -3*r - 2*v + 10 = 0, 0*r + n*r - 18 = -2*v. Suppose -2*c - c + 2 = f, 26 = 3*f + r*c. What is the tens digit of f?
1
Let u = -7 - -10. Suppose 0 = g - u, 7*g - 27 = -3*i + 2*g. Suppose i*r - 48 = r. What is the tens digit of r?
1
Suppose r - 3*r = -8. Suppose -5*u = 3*o + 2*o - 40, 5*u = -o - r. What is the units digit of o?
1
Let f(d) = -53*d**3 - d**2 - 2*d - 1. What is the tens digit of f(-1)?
5
Let f(y) = -10*y**2 - 2*y - 2. Let j be f(-2). Let b = j - -20. What is the tens digit of ((-16)/(-6))/((-3)/b)?
1
Let n(c) = 4*c**2 + 2*c - 2. What is the tens digit of n(-3)?
2
Suppose -o + 62 = -5*m, o + 2*o = -m + 106. What is the units digit of o?
7
Suppose -2*m + 6 - 2 = 0. Suppose -m*d + 2 = -8. What is the units digit of d?
5
Let m = -76 - -127. What is the units digit of m?
1
Suppose 3*v + 3*l - 558 = 0, -8*v + 954 = -3*v - 3*l. What is the tens digit of (6/7)/(9/v)?
1
Let k be (7 - 2)*(4 + -3). Let d(l) = -l + 4 + k*l - 5*l. What is the units digit of d(3)?
1
What is the units digit of (-1924)/(-7) + (13/(-7) - -2)?
5
Suppose -3*a + 45 = -3*n, -2*a - n + 32 = 5. Let y = -7 + a. What is the units digit of y?
7
Suppose 5*g - 10 = -0*g. Suppose 0 = -g*h + h + 21. Suppose -h + 6 = -5*o. What is the units digit of o?
3
Let y(o) = 173*o - 1. What is the tens digit of y(1)?
7
Let y(t) = 12*t**2 + 5*t + 6. What is the units digit of y(-3)?
9
Let x(s) = s**3 - s + 6. Let y be x(0). Suppose -2*t = -y*t. Suppose t*w = w - 9. What is the units digit of w?
9
Suppose -2*p - 3*p + 23 = w, 2*w + 2*p - 6 = 0. What is the units digit of w/6*(-12)/4?
1
Let h(l) = -2 - l**2 + l**3 + 0*l**2 + 1. Let q be h(2). Let f = q + 4. What is the units digit of f?
7
Let j = -181 - -256. What is the tens digit of j?
7
Let d(r) = 8*r**2 - r + 2. Let s be d(-4). Let h be s/4 + (-6)/4. Suppose -b - 3*b = -h. What is the units digit of b?
8
Let q(m) = -9*m**3 - 5*m**2 - 3*m - 3. What is the tens digit of q(-2)?
5
Let d = 91 - 33. Let f = -33 + d. What is the tens digit of f?
2
Suppose 3*y = l + 121, -6*l + 3*l = y - 47. What is the units digit of y?
1
Suppose 0 = -2*s + 5*i + 393, -5*i = -4*s - i + 792. What is the hundreds digit of s?
1
Let r(z) = -z - 8. Let p be r(-10). Let k = 45 + -24. Suppose 4*y = -b + k, 0 = 2*b + 2*b - p*y - 12. What is the units digit of b?
5
Let o(r) = -r - 2. Let w = -12 - -5. What is the units digit of o(w)?
5
Suppose 6*s + 18 = 8*s. What is the units digit of s?
9
Let p be (1/1)/(10/(-330)). What is the tens digit of p*2*(-4)/12?
2
Suppose 0*m = 3*m - 18. Suppose -3*p + m = -0*p. Suppose -5*l = k - 36, -18 = -4*k - p*l + 36. What is the tens digit of k?
1
Suppose j = 87 + 81. What is the hundreds digit of j?
1
Let o(p) = p**2 + 12*p. Let b be o(-12). Let c = b + 4. What is the units digit of (-1*9)/(3 - c)?
9
Let t = 3 + -11. Let a = 11 + t. What is the units digit of a?
3
Suppose 96 - 112 = -4*y. Suppose -z + 18 = 4*p, -4*p + 4*z + 9 = -19. Suppose 0 = 2*m - 2*x - 14, -p*x = y*m + 4 + 4. What is the units digit of m?
3
Let b(s) be the first derivative of s**7/840 - s**6/45 + s**4/12 + 2*s**3/3 - 2. Let x(o) be the third derivative of b(o). What is the units digit of x(8)?
2
Let v = 29 + -14. Suppose -2*h = v - 55. What is the tens digit of h?
2
Let b(p) = -p + 10. Let g be b(6). Suppose -9 + 29 = -4*u, g*t + 7 = -3*u. What is the units digit of (-38)/(-9) - t/9?
4
Let x be (3 - 2) + 2 + 6. What is the units digit of -6*((-15)/x - -1)?
4
Let p(q) = 8*q**3 - q + 1. Suppose -1 = -4*c + 3. What is the units digit of p(c)?
8
Suppose -7 = -t - 2. Let l(s) be the first derivative of 3*s**2/2 + s + 1. What is the units digit of l(t)?
6
Let r = 7 + -11. Let j(z) = z**3 + 4*z**2 - 5*z - 3. What is the units digit of j(r)?
7
Let k be ((-4)/(-3))/((-2)/(-3)). Suppose -n - 9 = -k*n. Suppose 3*f = 2*f + n. What is the units digit of f?
9
Let j = 8 - 9. What is the tens digit of (1 + -8 + -3)/j?
1
Let a(h) = h**2 - 15*h + 9. What is the tens digit of a(17)?
4
Let y be (0 - -4)/(-4) - -16. What is the tens digit of 2/2*1*y?
1
Let f = -43 + 92. What is the tens digit of f?
4
Suppose 0 = -h - 0 + 2. Let o be 1 + (1 - 0/h). Suppose -o*u - 2*u = -20. What is the units digit of u?
5
Let g = 148 + -71. What is the tens digit of g?
7
Suppose -3*z = -2*r - 148, 104 = 4*z - 5*r - 98. Let p = z + -18. What is the tens digit of p?
3
Suppose 5*x = -3*p, 0 = -3*x - x + 4*p. Let w be (-6)/(-2) - (-1 - x). Suppose w*z = -s + 61, -56 = -4*z + s + 3*s. What is the tens digit of z?
1
Let r = 2 - 5. Let u = r - -8. Suppose g + u - 14 = 0. What is the units digit of g?
9
Suppose 4*o = 778 + 102. What is the hundreds digit of o?
2
Suppose 8*a - 4*a + 32 = 4*j, 0 = -5*j - 4*a - 5. What is the units digit of j?
3
What is the tens digit of (-10)/(-4)*(-272)/(-40)?
1
Let r(d) be the second derivative of -d**3/6 + 3*d**2 + 2*d. Let k(c) = -3*c + 19. Let a(j) = 3*k(j) - 8*r(j). What is the units digit of a(0)?
9
Let q = 30 - -51. What is the tens digit of q?
8
Let f(u) = u + 2. Suppose -4 - 8 = -3*r. Suppose r*w = -w + 30. What is the units digit of f(w)?
8
Suppose 3*k - y - 35 = y, 63 = 5*k - y. What is the tens digit of k?
1
Suppose 3*k - h - h - 316 = 0, 0 = -3*k - 2*h + 332. Suppose k = 5*b - b. What is the tens digit of b?
2
Suppose 176 = z + 3*z. What is the tens digit of z?
4
Let s = -1 - -8. Let z = -3 - -7. Suppose 4*j + 5*q + 8 = 0, j - s = -3*q + z*q. What is the units digit of j?
3
Suppose 0 = 5*q + 2*m + 5, -2*q + 5*m = 3*q + 40. What is the units digit of (3 + 7)*q/(-6)?
5
Suppose 3*j = -5*r - 1, 0*j = j - 4*r - 28. Suppose -j - 2 = -i. What is the units digit of i?
0
Suppose 52 = 4*l - 3*h + 5, 5*l + h = 35. What is the units digit of l + (-1 - (-2 - -2))?
7
Let w be 86/4 + 1/2. Let v = w - 11. Let s = v + 1. What is the tens digit of s?
1
Suppose 4*x = s, 5*s - 32 = 5*x + 13. What is the tens digit of s?
1
Let q be (-326)/4 - (-6)/4. What is the units digit of q/(-14) + 4/14?
6
Suppose 0 = 4*g - 4*y - 64, 5*g + 3*y - 89 + 17 = 0. What is the units digit of g?
5
Suppose 2*n + 2*h = -h + 445, 3*n - 4*h - 625 = 0. What is the units digit of n?
5
Suppose 10 = 4*o + 2. What is the tens digit of (18/o)/3 + 11?
1
Let u(z) = -z**3 - 14*z**2 + z + 20. What is the units digit of u(-14)?
6
What is the hundreds digit of (-16)/4*183/(-6)?
1
Let h(o) = o**2 + 4*o + 1. Let d(v) = 2 + 6*v - 3 + 2. Let c be d(-1). What is the units digit of h(c)?
6
Let o(k) = 1 + 5*k + 1 + k**2 - 2*k**2. Let l be (-2)/10 + (-52)/(-10). What is the units digit of o(l)?
2
What is the tens digit of (38/8)/((-2)/(-8))?
1
Let z(m) = -m**2 + 7*m - 15. Let t(i) = i**2 - 8*i + 14. Let q(u) = -4*t(u) - 3*z(u). What is the units digit of q(9)?
7
What is the units digit of 225/5*1/3?
5
Let s = -12 - -5. Suppose -i - i + 32 = 0. Let w = i + s. What is the units digit of w?
9
Let w